-r**3 - 3*r**2 + 64*r - 18. What is c(5)?
102
Let k(i) = 650*i + 157957. Calculate k(-243).
7
Let l(f) = f**2 + 329*f - 12172. Determine l(32).
-620
Let q(n) = 62*n**3 + 31*n**2 - 37*n - 1. What is q(1)?
55
Let y(r) = 2*r**2 - 35*r - 2008. Give y(-25).
117
Let y(p) = 4175*p - 3594677. Give y(861).
-2
Let t(i) = -12*i**3 - 1304*i**2 + 4493*i + 1450. Give t(-112).
-6
Let y(g) = 1604*g + 29183. Determine y(-18).
311
Let r(x) = -52*x**2 - 366*x - 317. Determine r(-6).
7
Let m(y) = -11104*y - 88817. What is m(-8)?
15
Let g(t) = -23*t**2 - 834*t + 2789. Calculate g(3).
80
Let f(u) = -u**2 + 1498*u - 63984. Determine f(44).
-8
Let h(f) = -904*f**2 + 76837*f + 342. Give h(85).
87
Let h(m) = 2*m**2 + 220*m - 15751. Determine h(60).
4649
Let p(q) = 36964*q - 221784. Determine p(6).
0
Let o(x) = -1370*x - 349334. Give o(-255).
16
Let v(x) = 898*x - 82592. What is v(92)?
24
Let t(v) = -2*v**3 - 12*v**2 + 20790*v + 26. Give t(-105).
26
Let z(y) = -8584*y + 25687. Determine z(3).
-65
Let j(m) = -268*m + 7732. What is j(33)?
-1112
Let p(x) = -48*x**2 + 2997*x - 13804. Give p(5).
-19
Let h(u) = u**3 - 109*u**2 + 2544*u + 171. Determine h(75).
-279
Let t(l) = 70*l**2 + 12670*l + 299. Give t(-181).
299
Let j(p) = -274*p + 1008. Calculate j(4).
-88
Let u(q) = 2*q**2 - 41729*q + 459121. Determine u(11).
344
Let w(i) = -2*i**2 + 224*i + 16. Determine w(-4).
-912
Let k(l) = -2137*l - 359065. Determine k(-168).
-49
Let k(v) = 2*v**3 + 132*v**2 + 219*v + 5710. Give k(-65).
-75
Let l(m) = -93972*m - 1033671. Calculate l(-11).
21
Let g(w) = -21434*w - 2400600. Determine g(-112).
8
Let j(x) = 4219*x - 25795. What is j(6)?
-481
Let l(d) = -181*d - 110052. Give l(-608).
-4
Let h(o) = -131*o**2 - 1370*o + 2740. Determine h(2).
-524
Let c(s) = s**3 - 10*s**2 - 6847*s + 61707. Determine c(9).
3
Let g(w) = -416*w - 3465. What is g(-7)?
-553
Let n(o) = -o**3 + 91*o**2 - 24*o - 812. Calculate n(91).
-2996
Let i(a) = 5340*a + 1548589. Calculate i(-290).
-11
Let k(h) = 1359921*h + 17678967. Give k(-13).
-6
Let c(h) = 1894*h - 1966. Calculate c(1).
-72
Let q(g) = 13*g**3 - 2668*g**2 - 15826*g + 206. What is q(211)?
-5
Let u(b) = 2*b**3 - 40*b**2 - 192*b - 158. Calculate u(-3).
4
Let l(m) = 161*m - 12949. What is l(80)?
-69
Let m(l) = -l**3 + 78*l**2 + 85*l - 6680. Determine m(78).
-50
Let h(w) = -1204*w - 10170. Calculate h(-8).
-538
Let k(x) = x**3 - 4*x**2 - 248*x - 1565. Calculate k(0).
-1565
Let d(t) = -1950*t - 17438. What is d(-9)?
112
Let c(t) = 6251*t + 12454. Determine c(-2).
-48
Let n(z) = -20*z**2 - 1842*z + 5709. Calculate n(3).
3
Let t(m) = 883*m**2 + 185430*m + 30. Determine t(-210).
30
Let c(p) = -9*p**2 + 1557*p - 14014. Calculate c(9).
-730
Let y(k) = 70376*k + 351773. Determine y(-5).
-107
Let c(b) = b**3 + 175*b**2 - 15597*b - 194. Give c(65).
1
Let u(n) = n**2 + 446*n - 28726. What is u(57)?
-55
Let w(t) = 3*t**3 + 524*t**2 + 22918*t + 3214. What is w(-87)?
-5
Let f(b) = -177*b**2 - 43*b - 38. Determine f(-1).
-172
Let d(t) = 54144*t + 2436481. Give d(-45).
1
Let v(b) = 191*b**2 + 21206*b + 532. Calculate v(-111).
-23
Let x(c) = 4*c**2 + 620*c + 23589. Determine x(-68).
-75
Let t(x) = -3*x**2 + 62*x - 123. Calculate t(14).
157
Let l(v) = -6*v**2 - 6193*v - 452682. Calculate l(-953).
-7
Let x(o) = -o**3 + 35*o**2 + 664*o + 1089. Calculate x(49).
11
Let j(p) = -28713*p + 545558. What is j(19)?
11
Let u(w) = 7*w**2 + 246*w - 4035. Calculate u(12).
-75
Let z(d) = -d**2 - 200*d - 9283. Calculate z(-126).
41
Let z(n) = -4*n + 2581. Calculate z(-29).
2697
Let z(p) = 103*p**2 + 498*p + 533. What is z(-7)?
2094
Let g(u) = -160*u**2 + 35*u - 12. What is g(3)?
-1347
Let n(u) = 21*u**2 - 85*u + 13. What is n(4)?
9
Let y(l) = -2*l**2 - 973*l - 117021. Give y(-267).
192
Let r(v) = -1373459*v + 16481517. Determine r(12).
9
Let u(q) = -285*q + 1178. Give u(4).
38
Let n(t) = 125*t + 7248. What is n(-67)?
-1127
Let h(r) = 12*r**2 + 116*r - 105. Give h(-10).
-65
Let x(f) = -109*f - 4055. What is x(-46)?
959
Let f(r) = -10*r**3 + 294*r**2 + 17*r + 86. What is f(30)?
-4804
Let v(n) = 202363*n - 1416602. Determine v(7).
-61
Let h(y) = y**3 + 15*y**2 + 30*y - 69. Determine h(-13).
-121
Let j(q) = -43*q**2 - 802*q - 170. What is j(-16)?
1654
Let h(j) = -13*j**2 - 748*j - 533. Calculate h(-57).
-134
Let r(c) = -14*c**2 - 179*c + 2997. Determine r(10).
-193
Let o(m) = -m**2 + 2410*m - 799163. What is o(397)?
-2
Let c(l) = l**2 + 2083*l - 108958. Give c(51).
-124
Let z(b) = 4*b**3 + 35*b**2 + 20*b - 343. Determine z(-6).
-67
Let m(f) = 6*f**3 + 63*f**2 - 270*f - 1999. Calculate m(-10).
1001
Let m(f) = 5476*f - 7234. What is m(1)?
-1758
Let j(l) = 7*l**3 + 681*l**2 + 73*l - 11734. Give j(-97).
3
Let z(r) = -27987*r + 56117. Calculate z(2).
143
Let j(z) = z**3 + 20*z**2 + 1698*z + 27992. Give j(-17).
-7
Let n(i) = i**2 + 940*i + 99099. Calculate n(-121).
0
Let z(l) = -4124*l**2 - 32983*l + 41. Calculate z(-8).
-31
Let k(s) = 5*s**2 - 1769*s + 15173. Determine k(345).
-7
Let y(k) = 3*k**3 - 460*k**2 + 85*k + 10200. Give y(153).
-204
Let c(d) = -110*d**3 + 219*d**2 + d + 2. Determine c(2).
0
Let x(k) = -8*k**3 - 4284*k**2 + 4286*k - 4. What is x(1)?
-10
Let z(u) = 3*u**3 + 203*u**2 + 1091*u + 64137. Give z(-67).
18
Let w(m) = 6*m**3 - 76*m**2 + 34*m - 5660. Calculate w(16).
4
Let k(j) = 2651*j**2 - 31853*j + 21. Give k(12).
-471
Let f(m) = -7*m**2 - 18*m - 822. Determine f(-17).
-2539
Let q(h) = -h**2 - 2446*h + 24593. What is q(10)?
33
Let q(v) = v**3 + 91*v**2 - 12*v - 824. What is q(-91)?
268
Let m(v) = v**3 - 533*v**2 + 492*v + 21275. Give m(532).
-5
Let v(b) = b**3 + 154*b**2 + 348*b + 128604. What is v(-157)?
21
Let q(w) = -3*w**3 + 117*w**2 + 135*w - 859. Determine q(40).
-259
Let t(j) = -j**3 - 40*j**2 - 210*j + 192. Calculate t(-31).
-1947
Let q(x) = 161137*x + 1611368. Calculate q(-10).
-2
Let i(d) = -466*d - 129612. What is i(-278)?
-64
Let b(g) = 53*g**2 - 821*g + 3261. What is b(4)?
825
Let c(q) = -77478*q + 852278. Determine c(11).
20
Let y(q) = 500334*q + 8505687. Calculate y(-17).
9
Let q(r) = -139449*r - 21893480. Give q(-157).
13
Let z(d) = -7*d**2 - 1225*d + 1269. Determine z(-176).
37
Let b(i) = 85*i**3 + 3*i**2 + 15*i + 16. Calculate b(-1).
-81
Let g(s) = s**2 - 33243*s - 365719. What is g(-11)?
75
Let f(a) = 587*a - 75749. Give f(129).
-26
Let x(j) = -7*j**3 - 46*j**2 + 320*j + 2100. Calculate x(-7).
7
Let w(y) = -418*y - 756. Give w(-2).
80
Let i(j) = -7642*j + 34876. What is i(5)?
-3334
Let w(q) = 5216*q + 1246670. Calculate w(-239).
46
Let n(p) = -4538*p + 117997. Determine n(26).
9
Let t(l) = -2729*l - 16496. What is t(-6)?
-122
Let b(k) = k**3 + 7*k**2 - 161*k + 44. Calculate b(-17).
-109
Let s(r) = -30397*r + 4073184. What is s(134)?
-14
Let z(i) = -449*i + 738. Determine z(2).
-160
Let r(s) = -s**3 - 3*s**2 + 129*s - 4. What is r(9)?
185
Let s(l) = 3*l**3 - 22*l**2 - 100795*l + 369. Calculate s(187).
-5
Let m(v) = -2545*v - 71301. What is m(-28)?
-41
Let w(d) = 5*d**2 - 605*d + 10552. Determine w(100).
52
Let n(z) = 8*z**3 - 123*z - 3. Calculate n(-4).
-23
Let m(c) = 52*c**2 + 818*c - 311. What is m(-13)?
-2157
Let u(n) = -n**2 + 195*n - 4822. Calculate u(167).
-146
Let q(n) = n**3 + 16*n**2 + 242*n + 2229. Determine q(-9).
618
Let c(p) = 2*p**2 + 69*p - 890. Calculate c(10).
0
Let h(y) = -708182*y - 8498170. Determine h(-12).
14
Let d(w) = -7*w**2 - 1000*w - 804. Give d(-142).
48
Let s(g) = g**3 + 19*g**2 - 262*g - 234. Determine s(-28).
46
Let h(n) = 39060*n + 5468376. Determine h(-140).
-24
Let m(u) = -23*u**3 + 415*u**2 + 98*u - 2057. What is m(18)?
31
Let b(v) = 650337*v + 9104747. Give b(-14).
29
Let h(m) = -13570*m + 40360. Determine h(3).
-350
Let q(o) = o**3 - 61*o**2 + 154*o - 5669. What is q(60)?
-29
Let j(i) = -26532*i - 60148037. What is j(-2267)?
7
Let y(w) = -77*w**2 - 103*w - 650. What is y(-7)?
-3702
Let r(v) = -28*v**2 + 557*v - 547. Calculate r(18).
407
Let i(a) = -137*a**2 - 13331*a - 4075. Determine i(-97).
-1
Let s(a) = 2902*a - 54401. What is s(20)?
3639
Let d(q) = 5*q**3 - 35*q**2 - 387*q + 75. What is d(13)?
114
Let h(m) = -2*m**2 + 406*m - 2033. Determine h(5).
-53
Let n(h) = 166*h - 4985. What is n(27)?
-503
Let k(q) = -876*q + 50761. Determine k(58).
-47
Let n(i) = -2*i**2 - 82*i + 2085. Determine n(-49).
1301
Let n(g) = 1142*g + 